{"id":266,"date":"2019-08-13T20:43:03","date_gmt":"2019-08-13T18:43:03","guid":{"rendered":"https:\/\/bjorkedalhandel.se\/?page_id=266"},"modified":"2020-04-28T21:37:18","modified_gmt":"2020-04-28T19:37:18","slug":"maskiner","status":"publish","type":"page","link":"https:\/\/bjorkedalhandel.se\/index.php\/maskiner\/","title":{"rendered":"Maskiner"},"content":{"rendered":"\n<p>Vi erbjuder maskiner fr\u00e5n Kr\u00f3lik, Boreco och Fischer Mulchger\u00e4te.  <\/p>\n\n\n\n<p> <strong><a href=\"https:\/\/bjorkedalhandel.se\/index.php\/maskiner\/krolik\/\">Kr\u00f3lik<\/a><\/strong> erbjuder ett stort sortiment med bland annat  sprutbommar f\u00f6r ogr\u00e4s, rotsk\u00e4rningsverktyg och en stor variation av plockvagnar. <\/p>\n\n\n\n<p>Genom <strong><a href=\"https:\/\/bjorkedalhandel.se\/index.php\/maskiner\/boreco\/\">Boreco<\/a><\/strong> kan vi erbjuda deras bepr\u00f6vade rotsk\u00e4rningsverktyg och v\u00e4ldigt allsidiga plattformsl\u00f6sningar.   <\/p>\n\n\n\n<p><strong>Rinieri<\/strong> erbjuder ett stort sortiment av produkter f\u00f6r bland annat mekanisk ogr\u00e4sbek\u00e4mpning, mekanisk besk\u00e4rning, gr\u00f6nytev\u00e5rd och markbearbetning.<\/p>\n\n\n\n<p><a href=\"https:\/\/bjorkedalhandel.se\/index.php\/maskiner\/eurospand\/\"><strong>Eurospand<\/strong><\/a> tillverkar h\u00f6gkvalitativa g\u00f6dningspridare i en m\u00e4ngd olika modeller, bland annat modeller anpassade f\u00f6r specialodlingar som fruktodling. <\/p>\n\n\n\n<figure class=\"wp-block-gallery columns-3 is-cropped wp-block-gallery-1 is-layout-flex wp-block-gallery-is-layout-flex\"><ul class=\"blocks-gallery-grid\"><li class=\"blocks-gallery-item\"><figure><img decoding=\"async\" loading=\"lazy\" width=\"1024\" height=\"683\" src=\"https:\/\/bjorkedalhandel.se\/wp-content\/uploads\/2019\/08\/KR\u00d3LIK_Belka-herbicydowa_BHh_11-1-1024x683.jpg\" alt=\"\" data-id=\"269\" data-link=\"https:\/\/bjorkedalhandel.se\/?attachment_id=269\" class=\"wp-image-269\" srcset=\"https:\/\/bjorkedalhandel.se\/wp-content\/uploads\/2019\/08\/KR\u00d3LIK_Belka-herbicydowa_BHh_11-1-1024x683.jpg 1024w, https:\/\/bjorkedalhandel.se\/wp-content\/uploads\/2019\/08\/KR\u00d3LIK_Belka-herbicydowa_BHh_11-1-300x200.jpg 300w, https:\/\/bjorkedalhandel.se\/wp-content\/uploads\/2019\/08\/KR\u00d3LIK_Belka-herbicydowa_BHh_11-1-768x512.jpg 768w, https:\/\/bjorkedalhandel.se\/wp-content\/uploads\/2019\/08\/KR\u00d3LIK_Belka-herbicydowa_BHh_11-1-600x400.jpg 600w\" sizes=\"(max-width: 1024px) 100vw, 1024px\" \/><\/figure><\/li><li class=\"blocks-gallery-item\"><figure><img decoding=\"async\" loading=\"lazy\" width=\"1024\" height=\"575\" src=\"https:\/\/bjorkedalhandel.se\/wp-content\/uploads\/2019\/08\/KR\u00d3LIK-Platforma_Kr\u00f3lik-O-Trak_KRT-2_4S_-11_-1-1024x575.jpg\" alt=\"\" data-id=\"279\" data-link=\"https:\/\/bjorkedalhandel.se\/?attachment_id=279\" class=\"wp-image-279\" srcset=\"https:\/\/bjorkedalhandel.se\/wp-content\/uploads\/2019\/08\/KR\u00d3LIK-Platforma_Kr\u00f3lik-O-Trak_KRT-2_4S_-11_-1-1024x575.jpg 1024w, https:\/\/bjorkedalhandel.se\/wp-content\/uploads\/2019\/08\/KR\u00d3LIK-Platforma_Kr\u00f3lik-O-Trak_KRT-2_4S_-11_-1-300x169.jpg 300w, https:\/\/bjorkedalhandel.se\/wp-content\/uploads\/2019\/08\/KR\u00d3LIK-Platforma_Kr\u00f3lik-O-Trak_KRT-2_4S_-11_-1-768x431.jpg 768w, https:\/\/bjorkedalhandel.se\/wp-content\/uploads\/2019\/08\/KR\u00d3LIK-Platforma_Kr\u00f3lik-O-Trak_KRT-2_4S_-11_-1-600x337.jpg 600w\" sizes=\"(max-width: 1024px) 100vw, 1024px\" \/><\/figure><\/li><li class=\"blocks-gallery-item\"><figure><img decoding=\"async\" loading=\"lazy\" width=\"1024\" height=\"682\" src=\"https:\/\/bjorkedalhandel.se\/wp-content\/uploads\/2020\/04\/eurospand-1024x682.jpg\" alt=\"\" data-id=\"482\" data-link=\"https:\/\/bjorkedalhandel.se\/index.php\/maskiner\/eurospand-2\/\" class=\"wp-image-482\" srcset=\"https:\/\/bjorkedalhandel.se\/wp-content\/uploads\/2020\/04\/eurospand-1024x682.jpg 1024w, https:\/\/bjorkedalhandel.se\/wp-content\/uploads\/2020\/04\/eurospand-300x200.jpg 300w, https:\/\/bjorkedalhandel.se\/wp-content\/uploads\/2020\/04\/eurospand-768x512.jpg 768w, https:\/\/bjorkedalhandel.se\/wp-content\/uploads\/2020\/04\/eurospand-600x400.jpg 600w, https:\/\/bjorkedalhandel.se\/wp-content\/uploads\/2020\/04\/eurospand.jpg 1772w\" sizes=\"(max-width: 1024px) 100vw, 1024px\" \/><\/figure><\/li><\/ul><\/figure>\n\n\n\n<figure class=\"wp-block-gallery columns-3 is-cropped wp-block-gallery-3 is-layout-flex wp-block-gallery-is-layout-flex\"><ul class=\"blocks-gallery-grid\"><li class=\"blocks-gallery-item\"><figure><img decoding=\"async\" loading=\"lazy\" width=\"950\" height=\"711\" src=\"https:\/\/bjorkedalhandel.se\/wp-content\/uploads\/2019\/08\/Boreco-rotsk\u00e4r-3.jpg\" alt=\"\" data-id=\"274\" data-link=\"https:\/\/bjorkedalhandel.se\/?attachment_id=274\" class=\"wp-image-274\" srcset=\"https:\/\/bjorkedalhandel.se\/wp-content\/uploads\/2019\/08\/Boreco-rotsk\u00e4r-3.jpg 950w, https:\/\/bjorkedalhandel.se\/wp-content\/uploads\/2019\/08\/Boreco-rotsk\u00e4r-3-300x225.jpg 300w, https:\/\/bjorkedalhandel.se\/wp-content\/uploads\/2019\/08\/Boreco-rotsk\u00e4r-3-768x575.jpg 768w, https:\/\/bjorkedalhandel.se\/wp-content\/uploads\/2019\/08\/Boreco-rotsk\u00e4r-3-600x449.jpg 600w\" sizes=\"(max-width: 950px) 100vw, 950px\" \/><\/figure><\/li><li class=\"blocks-gallery-item\"><figure><img decoding=\"async\" loading=\"lazy\" width=\"950\" height=\"713\" src=\"https:\/\/bjorkedalhandel.se\/wp-content\/uploads\/2019\/08\/Boreco-onyx-1.jpg\" alt=\"\" data-id=\"275\" data-link=\"https:\/\/bjorkedalhandel.se\/?attachment_id=275\" class=\"wp-image-275\" srcset=\"https:\/\/bjorkedalhandel.se\/wp-content\/uploads\/2019\/08\/Boreco-onyx-1.jpg 950w, https:\/\/bjorkedalhandel.se\/wp-content\/uploads\/2019\/08\/Boreco-onyx-1-300x225.jpg 300w, https:\/\/bjorkedalhandel.se\/wp-content\/uploads\/2019\/08\/Boreco-onyx-1-768x576.jpg 768w, https:\/\/bjorkedalhandel.se\/wp-content\/uploads\/2019\/08\/Boreco-onyx-1-600x450.jpg 600w\" sizes=\"(max-width: 950px) 100vw, 950px\" \/><\/figure><\/li><li class=\"blocks-gallery-item\"><figure><img decoding=\"async\" loading=\"lazy\" width=\"487\" height=\"365\" src=\"https:\/\/bjorkedalhandel.se\/wp-content\/uploads\/2019\/08\/Boreco-Orion.jpg\" alt=\"\" data-id=\"409\" data-link=\"https:\/\/bjorkedalhandel.se\/index.php\/maskiner\/boreco-orion\/\" class=\"wp-image-409\" srcset=\"https:\/\/bjorkedalhandel.se\/wp-content\/uploads\/2019\/08\/Boreco-Orion.jpg 487w, https:\/\/bjorkedalhandel.se\/wp-content\/uploads\/2019\/08\/Boreco-Orion-300x225.jpg 300w\" sizes=\"(max-width: 487px) 100vw, 487px\" \/><\/figure><\/li><\/ul><\/figure>\n\n\n\n<p><\/p>\n","protected":false},"excerpt":{"rendered":"<p>Vi erbjuder maskiner fr\u00e5n Kr\u00f3lik, Boreco och Fischer Mulchger\u00e4te. Kr\u00f3lik erbjuder ett stort sortiment med bland annat sprutbommar f\u00f6r ogr\u00e4s, rotsk\u00e4rningsverktyg och en stor variation av plockvagnar. Genom Boreco kan vi erbjuda deras bepr\u00f6vade rotsk\u00e4rningsverktyg och v\u00e4ldigt allsidiga plattformsl\u00f6sningar. Rinieri erbjuder ett stort sortiment av produkter f\u00f6r bland annat mekanisk ogr\u00e4sbek\u00e4mpning, mekanisk besk\u00e4rning, gr\u00f6nytev\u00e5rd och [&hellip;]<\/p>\n","protected":false},"author":1,"featured_media":0,"parent":0,"menu_order":-1,"comment_status":"closed","ping_status":"closed","template":"","meta":{"footnotes":""},"jetpack_sharing_enabled":true,"jetpack_shortlink":"https:\/\/wp.me\/PaLEM1-4i","_links":{"self":[{"href":"https:\/\/bjorkedalhandel.se\/index.php\/wp-json\/wp\/v2\/pages\/266"}],"collection":[{"href":"https:\/\/bjorkedalhandel.se\/index.php\/wp-json\/wp\/v2\/pages"}],"about":[{"href":"https:\/\/bjorkedalhandel.se\/index.php\/wp-json\/wp\/v2\/types\/page"}],"author":[{"embeddable":true,"href":"https:\/\/bjorkedalhandel.se\/index.php\/wp-json\/wp\/v2\/users\/1"}],"replies":[{"embeddable":true,"href":"https:\/\/bjorkedalhandel.se\/index.php\/wp-json\/wp\/v2\/comments?post=266"}],"version-history":[{"count":8,"href":"https:\/\/bjorkedalhandel.se\/index.php\/wp-json\/wp\/v2\/pages\/266\/revisions"}],"predecessor-version":[{"id":488,"href":"https:\/\/bjorkedalhandel.se\/index.php\/wp-json\/wp\/v2\/pages\/266\/revisions\/488"}],"wp:attachment":[{"href":"https:\/\/bjorkedalhandel.se\/index.php\/wp-json\/wp\/v2\/media?parent=266"}],"curies":[{"name":"wp","href":"https:\/\/api.w.org\/{rel}","templated":true}]}}