{"id":397,"date":"2019-08-16T15:04:54","date_gmt":"2019-08-16T13:04:54","guid":{"rendered":"https:\/\/bjorkedalhandel.se\/?page_id=397"},"modified":"2019-11-28T13:47:22","modified_gmt":"2019-11-28T12:47:22","slug":"plockutrustning","status":"publish","type":"page","link":"https:\/\/bjorkedalhandel.se\/index.php\/produkter\/plockutrustning\/","title":{"rendered":"Plockutrustning"},"content":{"rendered":"\n<p>Vi erbjuder plockl\u00e5dor och plockp\u00e5sar fr\u00e5n holl\u00e4ndska Heijmul, ett kvalitetsm\u00e4rke med l\u00e5ng erfarenhet av att tillverka plockutrustning. <\/p>\n\n\n\n<p>\u00c4ven storleksm\u00e5tt i varierande storlekar (50mm-90mm) f\u00f6r sortering. Ett bra hj\u00e4lpmedel f\u00f6r att se till frukten hamnar  i r\u00e4tt l\u00e5da.<\/p>\n\n\n\n<p>Skydds\u00e4rmar fr\u00e5n Grund\u00e9ns med neoprenmuddar.  V\u00e4dret under plocks\u00e4songen kan vara p\u00e5frestande, denna produkt hj\u00e4lper till att h\u00e5lla personalen torr. <\/p>\n\n\n\n<div class=\"wp-block-image\"><figure class=\"aligncenter\"><img decoding=\"async\" loading=\"lazy\" width=\"300\" height=\"300\" src=\"https:\/\/bjorkedalhandel.se\/wp-content\/uploads\/2019\/08\/heijmul-plockl\u00e5da.jpg\" alt=\"\" class=\"wp-image-398\" srcset=\"https:\/\/bjorkedalhandel.se\/wp-content\/uploads\/2019\/08\/heijmul-plockl\u00e5da.jpg 300w, https:\/\/bjorkedalhandel.se\/wp-content\/uploads\/2019\/08\/heijmul-plockl\u00e5da-150x150.jpg 150w, https:\/\/bjorkedalhandel.se\/wp-content\/uploads\/2019\/08\/heijmul-plockl\u00e5da-100x100.jpg 100w\" sizes=\"(max-width: 300px) 100vw, 300px\" \/><figcaption><strong>Plockl\u00e5dor med bingkrok<br><\/strong><br><\/figcaption><\/figure><\/div>\n\n\n\n<div class=\"wp-block-image\"><figure class=\"aligncenter\"><img decoding=\"async\" loading=\"lazy\" width=\"300\" height=\"300\" src=\"https:\/\/bjorkedalhandel.se\/wp-content\/uploads\/2019\/10\/Storleksm\u00e5tt-1.jpg\" alt=\"\" class=\"wp-image-423\" srcset=\"https:\/\/bjorkedalhandel.se\/wp-content\/uploads\/2019\/10\/Storleksm\u00e5tt-1.jpg 300w, https:\/\/bjorkedalhandel.se\/wp-content\/uploads\/2019\/10\/Storleksm\u00e5tt-1-150x150.jpg 150w, https:\/\/bjorkedalhandel.se\/wp-content\/uploads\/2019\/10\/Storleksm\u00e5tt-1-100x100.jpg 100w\" sizes=\"(max-width: 300px) 100vw, 300px\" \/><figcaption><strong>Storleksm\u00e5tt<\/strong><\/figcaption><\/figure><\/div>\n\n\n\n<div class=\"wp-block-image\"><figure class=\"aligncenter is-resized\"><img decoding=\"async\" loading=\"lazy\" src=\"https:\/\/bjorkedalhandel.se\/wp-content\/uploads\/2019\/10\/skyddsm\u00e5tt.jpg\" alt=\"\" class=\"wp-image-424\" width=\"268\" height=\"268\" srcset=\"https:\/\/bjorkedalhandel.se\/wp-content\/uploads\/2019\/10\/skyddsm\u00e5tt.jpg 1000w, https:\/\/bjorkedalhandel.se\/wp-content\/uploads\/2019\/10\/skyddsm\u00e5tt-150x150.jpg 150w, https:\/\/bjorkedalhandel.se\/wp-content\/uploads\/2019\/10\/skyddsm\u00e5tt-300x300.jpg 300w, https:\/\/bjorkedalhandel.se\/wp-content\/uploads\/2019\/10\/skyddsm\u00e5tt-768x768.jpg 768w, https:\/\/bjorkedalhandel.se\/wp-content\/uploads\/2019\/10\/skyddsm\u00e5tt-600x600.jpg 600w, https:\/\/bjorkedalhandel.se\/wp-content\/uploads\/2019\/10\/skyddsm\u00e5tt-100x100.jpg 100w\" sizes=\"(max-width: 268px) 100vw, 268px\" \/><figcaption><strong>Skydds\u00e4rmar med neoprenmudd<\/strong><\/figcaption><\/figure><\/div>\n\n\n\n<ul class=\"wp-block-gallery aligncenter columns-1 is-cropped wp-block-gallery-1 is-layout-flex wp-block-gallery-is-layout-flex\"><li class=\"blocks-gallery-item\"><figure><img decoding=\"async\" loading=\"lazy\" width=\"300\" height=\"300\" src=\"https:\/\/bjorkedalhandel.se\/wp-content\/uploads\/2019\/11\/heijmul-plockp\u00e5se-comfort.jpg\" alt=\"\" data-id=\"471\" data-link=\"https:\/\/bjorkedalhandel.se\/index.php\/produkter\/plockutrustning\/heijmul-plockpase-comfort-2\/\" class=\"wp-image-471\" srcset=\"https:\/\/bjorkedalhandel.se\/wp-content\/uploads\/2019\/11\/heijmul-plockp\u00e5se-comfort.jpg 300w, https:\/\/bjorkedalhandel.se\/wp-content\/uploads\/2019\/11\/heijmul-plockp\u00e5se-comfort-150x150.jpg 150w, https:\/\/bjorkedalhandel.se\/wp-content\/uploads\/2019\/11\/heijmul-plockp\u00e5se-comfort-100x100.jpg 100w\" sizes=\"(max-width: 300px) 100vw, 300px\" \/><\/figure><\/li><\/ul>\n","protected":false},"excerpt":{"rendered":"<p>Vi erbjuder plockl\u00e5dor och plockp\u00e5sar fr\u00e5n holl\u00e4ndska Heijmul, ett kvalitetsm\u00e4rke med l\u00e5ng erfarenhet av att tillverka plockutrustning. \u00c4ven storleksm\u00e5tt i varierande storlekar (50mm-90mm) f\u00f6r sortering. Ett bra hj\u00e4lpmedel f\u00f6r att se till frukten hamnar i r\u00e4tt l\u00e5da. Skydds\u00e4rmar fr\u00e5n Grund\u00e9ns med neoprenmuddar. V\u00e4dret under plocks\u00e4songen kan vara p\u00e5frestande, denna produkt hj\u00e4lper till att h\u00e5lla personalen [&hellip;]<\/p>\n","protected":false},"author":1,"featured_media":0,"parent":10,"menu_order":0,"comment_status":"closed","ping_status":"closed","template":"","meta":{"footnotes":""},"jetpack_sharing_enabled":true,"jetpack_shortlink":"https:\/\/wp.me\/PaLEM1-6p","_links":{"self":[{"href":"https:\/\/bjorkedalhandel.se\/index.php\/wp-json\/wp\/v2\/pages\/397"}],"collection":[{"href":"https:\/\/bjorkedalhandel.se\/index.php\/wp-json\/wp\/v2\/pages"}],"about":[{"href":"https:\/\/bjorkedalhandel.se\/index.php\/wp-json\/wp\/v2\/types\/page"}],"author":[{"embeddable":true,"href":"https:\/\/bjorkedalhandel.se\/index.php\/wp-json\/wp\/v2\/users\/1"}],"replies":[{"embeddable":true,"href":"https:\/\/bjorkedalhandel.se\/index.php\/wp-json\/wp\/v2\/comments?post=397"}],"version-history":[{"count":3,"href":"https:\/\/bjorkedalhandel.se\/index.php\/wp-json\/wp\/v2\/pages\/397\/revisions"}],"predecessor-version":[{"id":472,"href":"https:\/\/bjorkedalhandel.se\/index.php\/wp-json\/wp\/v2\/pages\/397\/revisions\/472"}],"up":[{"embeddable":true,"href":"https:\/\/bjorkedalhandel.se\/index.php\/wp-json\/wp\/v2\/pages\/10"}],"wp:attachment":[{"href":"https:\/\/bjorkedalhandel.se\/index.php\/wp-json\/wp\/v2\/media?parent=397"}],"curies":[{"name":"wp","href":"https:\/\/api.w.org\/{rel}","templated":true}]}}