{"id":411,"date":"2019-08-20T21:37:59","date_gmt":"2019-08-20T19:37:59","guid":{"rendered":"https:\/\/bjorkedalhandel.se\/?page_id=411"},"modified":"2020-11-14T14:15:51","modified_gmt":"2020-11-14T13:15:51","slug":"orion","status":"publish","type":"page","link":"https:\/\/bjorkedalhandel.se\/index.php\/maskiner\/boreco\/orion\/","title":{"rendered":"Orion"},"content":{"rendered":"\n<p>Boreco Orion \u00e4r en v\u00e4ldigt v\u00e4lutrustad maskin,  anv\u00e4ndbar till arbetsuppgifter \u00e5ret runt. Saxlyften p\u00e5 3 meter g\u00f6r den dessutom anv\u00e4ndbar vid upps\u00e4ttning av k\u00f6rsb\u00e4rstak och hageln\u00e4t. <\/p>\n\n\n\n<figure class=\"wp-block-image\"><img decoding=\"async\" loading=\"lazy\" width=\"487\" height=\"365\" src=\"https:\/\/bjorkedalhandel.se\/wp-content\/uploads\/2019\/08\/Boreco-Orion-1.jpg\" alt=\"\" class=\"wp-image-412\" srcset=\"https:\/\/bjorkedalhandel.se\/wp-content\/uploads\/2019\/08\/Boreco-Orion-1.jpg 487w, https:\/\/bjorkedalhandel.se\/wp-content\/uploads\/2019\/08\/Boreco-Orion-1-300x225.jpg 300w\" sizes=\"(max-width: 487px) 100vw, 487px\" \/><\/figure>\n\n\n\n<ul><li>Orion drivs av en fyrcylindrig dieselmotor fr\u00e5n Kubota. <\/li><li>Dubbla drivpumpar m\u00f6jligg\u00f6r byte mellan transport och arbetshastighet med ett knapptryck <\/li><li>Automatisk styrning av ultraljudsstyrningssystem <\/li><li>Hydraulisk h\u00f6jdinst\u00e4llning fr\u00e5n 1-3 meter och  \u00e4ven plattformens bredd justeras hydrauliskt. <\/li><li>Med hj\u00e4lp av fyra hjulmotorer driver maskinen p\u00e5 alla hjul, vid behov \u00e4r det m\u00f6jligt att elektriskt st\u00e4nga av utvald hjulmotor. <\/li><li>Smart &#8221;Stop &amp; Go&#8221; system f\u00f6r att effektivisera arbetet. <\/li><\/ul>\n\n\n\n<figure class=\"wp-block-embed-youtube wp-block-embed is-type-video is-provider-youtube wp-embed-aspect-4-3 wp-has-aspect-ratio\"><div class=\"wp-block-embed__wrapper\">\n<div class=\"jetpack-video-wrapper\"><span class=\"embed-youtube\" style=\"text-align:center; display: block;\"><iframe loading=\"lazy\" class=\"youtube-player\" width=\"1170\" height=\"659\" src=\"https:\/\/www.youtube.com\/embed\/N3ByZLo3IzA?version=3&#038;rel=1&#038;showsearch=0&#038;showinfo=1&#038;iv_load_policy=1&#038;fs=1&#038;hl=sv-SE&#038;autohide=2&#038;wmode=transparent\" allowfullscreen=\"true\" style=\"border:0;\" sandbox=\"allow-scripts allow-same-origin allow-popups allow-presentation\"><\/iframe><\/span><\/div>\n<\/div><\/figure>\n\n\n<div class=\"wpforms-container wpforms-container-full wpforms-block\" id=\"wpforms-566\"><form id=\"wpforms-form-566\" class=\"wpforms-validate wpforms-form\" data-formid=\"566\" method=\"post\" enctype=\"multipart\/form-data\" action=\"\/index.php\/wp-json\/wp\/v2\/pages\/411\" data-token=\"6f9df3c3139f37061ca0dd5f33c9c874\"><noscript class=\"wpforms-error-noscript\">Aktivera JavaScript i din webbl\u00e4sare f\u00f6r att slutf\u00f6ra detta formul\u00e4r.<\/noscript><div class=\"wpforms-field-container\"><div id=\"wpforms-566-field_0-container\" class=\"wpforms-field wpforms-field-name wpforms-one-third wpforms-first wpforms-one-half\" data-field-id=\"0\"><label class=\"wpforms-field-label\" for=\"wpforms-566-field_0\">Namn <span class=\"wpforms-required-label\">*<\/span><\/label><input type=\"text\" id=\"wpforms-566-field_0\" class=\"wpforms-field-medium wpforms-field-required\" name=\"wpforms[fields][0]\" required><\/div><div id=\"wpforms-566-field_1-container\" class=\"wpforms-field wpforms-field-email\" data-field-id=\"1\"><label class=\"wpforms-field-label\" for=\"wpforms-566-field_1\">Email <span class=\"wpforms-required-label\">*<\/span><\/label><input type=\"email\" id=\"wpforms-566-field_1\" class=\"wpforms-field-medium wpforms-field-required\" name=\"wpforms[fields][1]\" spellcheck=\"false\" required><\/div><div id=\"wpforms-566-field_5-container\" class=\"wpforms-field wpforms-field-textarea\" data-field-id=\"5\"><label class=\"wpforms-field-label\" for=\"wpforms-566-field_5\">Meddelande <span class=\"wpforms-required-label\">*<\/span><\/label><textarea id=\"wpforms-566-field_5\" class=\"wpforms-field-medium wpforms-field-required\" name=\"wpforms[fields][5]\" required><\/textarea><\/div><\/div><!-- .wpforms-field-container --><div class=\"wpforms-submit-container\" ><input type=\"hidden\" name=\"wpforms[id]\" value=\"566\"><input type=\"hidden\" name=\"wpforms[author]\" value=\"1\"><button type=\"submit\" name=\"wpforms[submit]\" id=\"wpforms-submit-566\" class=\"wpforms-submit\" data-alt-text=\"Sending...\" data-submit-text=\"Skicka\" aria-live=\"assertive\" value=\"wpforms-submit\">Skicka<\/button><\/div><\/form><\/div>  <!-- .wpforms-container -->","protected":false},"excerpt":{"rendered":"<p>Boreco Orion \u00e4r en v\u00e4ldigt v\u00e4lutrustad maskin, anv\u00e4ndbar till arbetsuppgifter \u00e5ret runt. Saxlyften p\u00e5 3 meter g\u00f6r den dessutom anv\u00e4ndbar vid upps\u00e4ttning av k\u00f6rsb\u00e4rstak och hageln\u00e4t. Orion drivs av en fyrcylindrig dieselmotor fr\u00e5n Kubota. Dubbla drivpumpar m\u00f6jligg\u00f6r byte mellan transport och arbetshastighet med ett knapptryck Automatisk styrning av ultraljudsstyrningssystem Hydraulisk h\u00f6jdinst\u00e4llning fr\u00e5n 1-3 meter och [&hellip;]<\/p>\n","protected":false},"author":1,"featured_media":0,"parent":312,"menu_order":0,"comment_status":"closed","ping_status":"closed","template":"","meta":{"footnotes":""},"jetpack_sharing_enabled":true,"jetpack_shortlink":"https:\/\/wp.me\/PaLEM1-6D","_links":{"self":[{"href":"https:\/\/bjorkedalhandel.se\/index.php\/wp-json\/wp\/v2\/pages\/411"}],"collection":[{"href":"https:\/\/bjorkedalhandel.se\/index.php\/wp-json\/wp\/v2\/pages"}],"about":[{"href":"https:\/\/bjorkedalhandel.se\/index.php\/wp-json\/wp\/v2\/types\/page"}],"author":[{"embeddable":true,"href":"https:\/\/bjorkedalhandel.se\/index.php\/wp-json\/wp\/v2\/users\/1"}],"replies":[{"embeddable":true,"href":"https:\/\/bjorkedalhandel.se\/index.php\/wp-json\/wp\/v2\/comments?post=411"}],"version-history":[{"count":2,"href":"https:\/\/bjorkedalhandel.se\/index.php\/wp-json\/wp\/v2\/pages\/411\/revisions"}],"predecessor-version":[{"id":572,"href":"https:\/\/bjorkedalhandel.se\/index.php\/wp-json\/wp\/v2\/pages\/411\/revisions\/572"}],"up":[{"embeddable":true,"href":"https:\/\/bjorkedalhandel.se\/index.php\/wp-json\/wp\/v2\/pages\/312"}],"wp:attachment":[{"href":"https:\/\/bjorkedalhandel.se\/index.php\/wp-json\/wp\/v2\/media?parent=411"}],"curies":[{"name":"wp","href":"https:\/\/api.w.org\/{rel}","templated":true}]}}