{"id":454,"date":"2019-11-27T21:26:15","date_gmt":"2019-11-27T20:26:15","guid":{"rendered":"https:\/\/bjorkedalhandel.se\/?page_id=454"},"modified":"2020-11-14T14:16:57","modified_gmt":"2020-11-14T13:16:57","slug":"eurospand","status":"publish","type":"page","link":"https:\/\/bjorkedalhandel.se\/index.php\/maskiner\/eurospand\/","title":{"rendered":"Eurospand"},"content":{"rendered":"\n<figure class=\"wp-block-image\"><img decoding=\"async\" loading=\"lazy\" width=\"1024\" height=\"585\" src=\"https:\/\/bjorkedalhandel.se\/wp-content\/uploads\/2019\/11\/david-fruit-cover_ok-Copia-1024x585.jpg\" alt=\"\" class=\"wp-image-455\" srcset=\"https:\/\/bjorkedalhandel.se\/wp-content\/uploads\/2019\/11\/david-fruit-cover_ok-Copia-1024x585.jpg 1024w, https:\/\/bjorkedalhandel.se\/wp-content\/uploads\/2019\/11\/david-fruit-cover_ok-Copia-300x171.jpg 300w, https:\/\/bjorkedalhandel.se\/wp-content\/uploads\/2019\/11\/david-fruit-cover_ok-Copia-768x439.jpg 768w, https:\/\/bjorkedalhandel.se\/wp-content\/uploads\/2019\/11\/david-fruit-cover_ok-Copia-600x343.jpg 600w\" sizes=\"(max-width: 1024px) 100vw, 1024px\" \/><\/figure>\n\n\n\n<p><strong>Eurospand&nbsp;<\/strong>tillverkar g\u00f6dningsspridare, deras modell DAVID FRUIT \u00e4r en flexibel maskin med en total bredd p\u00e5 1,2m anpassad f\u00f6r behoven i odlingar med radavst\u00e5nd mellan 2-5m. Snabbt och enkelt kan man byta mellan f\u00e4ltspridning(12m vidd) eller radspridning(2-5m). Finns i 600L\/800L\/1000L tankstorlek.<\/p>\n\n\n\n<p><strong>VIBRO-system<\/strong> &#8211;  med denna l\u00f6sningen har man l\u00f6st det vanliga problemet med ett varierande tryck p\u00e5 inmatningsystemet, genom att kunna h\u00e5lla ett konstant tryck m\u00f6jlig\u00f6r man en j\u00e4mn distribution av kg g\u00f6dning\/ha. VIBRO-systemet ger \u00e4ven andra f\u00f6rdelar som att g\u00f6dningen blir varken krossad eller upphettad.<\/p>\n\n\n\n<figure class=\"wp-block-embed-youtube wp-block-embed is-type-video is-provider-youtube wp-embed-aspect-16-9 wp-has-aspect-ratio\"><div class=\"wp-block-embed__wrapper\">\n<div class=\"jetpack-video-wrapper\"><span class=\"embed-youtube\" style=\"text-align:center; display: block;\"><iframe loading=\"lazy\" class=\"youtube-player\" width=\"1170\" height=\"659\" src=\"https:\/\/www.youtube.com\/embed\/d10nWZU6QH4?version=3&#038;rel=1&#038;showsearch=0&#038;showinfo=1&#038;iv_load_policy=1&#038;fs=1&#038;hl=sv-SE&#038;autohide=2&#038;wmode=transparent\" allowfullscreen=\"true\" style=\"border:0;\" sandbox=\"allow-scripts allow-same-origin allow-popups allow-presentation\"><\/iframe><\/span><\/div>\n<\/div><\/figure>\n\n\n\n<p><strong>Lateral inmatning&nbsp;<\/strong>g\u00f6r att spridningsvinkeln kan h\u00e5llas konstant \u00e4ven vid oj\u00e4mna markf\u00f6rh\u00e5llanden. Eftersom att granulatet matas in fr\u00e5n sidan, ist\u00e4llet fr\u00e5n traditionella system som levererar granulatet genom fall, s\u00e5 slipper man \u00e4ven problemet med att granulatet bryts i s\u00f6nder. <\/p>\n\n\n\n<p><strong>TPS<\/strong> spridarens v\u00e4xell\u00e5da skyddas med hj\u00e4lp av sex gummif\u00e4sten som absorberar potentiellt farliga r\u00f6relser. <\/p>\n\n\n\n<figure class=\"wp-block-embed-youtube wp-block-embed is-type-video is-provider-youtube wp-embed-aspect-16-9 wp-has-aspect-ratio\"><div class=\"wp-block-embed__wrapper\">\n<div class=\"jetpack-video-wrapper\"><span class=\"embed-youtube\" style=\"text-align:center; display: block;\"><iframe loading=\"lazy\" class=\"youtube-player\" width=\"1170\" height=\"659\" src=\"https:\/\/www.youtube.com\/embed\/14DP3NV2NxI?version=3&#038;rel=1&#038;showsearch=0&#038;showinfo=1&#038;iv_load_policy=1&#038;fs=1&#038;hl=sv-SE&#038;autohide=2&#038;wmode=transparent\" allowfullscreen=\"true\" style=\"border:0;\" sandbox=\"allow-scripts allow-same-origin allow-popups allow-presentation\"><\/iframe><\/span><\/div>\n<\/div><\/figure>\n\n\n\n<p><strong>DAVID&nbsp;FRUIT<\/strong> har hydrualisk styrning som standard men finns \u00e4ven i en elektrisk verision. Medden elektriska varianten kan doseringen automatiskt styras efter hastigheten p\u00e5 traktorn. \u00c4ven funktioner som att omedelbart kunna f\u00f6r\u00e4ndra den applicerade g\u00f6dningsdosen, och avbryta spridningen p\u00e5 en av spridarens sidor. Samt information om antal k\u00f6rda hektar. <\/p>\n\n\n\n<p><strong>DAVID&nbsp;FRUIT<\/strong> utrustad med den elektriska styrningen kan man \u00e4ven v\u00e4lja till viktceller till g\u00f6dningsspridaren, vilket g\u00f6r det m\u00f6jligt att l\u00f6pande f\u00e5 information om den verkliga vikten f\u00f6r att kunna ge den exakta m\u00e4ngden per hektar. <\/p>\n\n\n\n<figure class=\"wp-block-embed-youtube wp-block-embed is-type-video is-provider-youtube wp-embed-aspect-16-9 wp-has-aspect-ratio\"><div class=\"wp-block-embed__wrapper\">\n<div class=\"jetpack-video-wrapper\"><span class=\"embed-youtube\" style=\"text-align:center; display: block;\"><iframe loading=\"lazy\" class=\"youtube-player\" width=\"1170\" height=\"659\" src=\"https:\/\/www.youtube.com\/embed\/k-CRl5rYINs?version=3&#038;rel=1&#038;showsearch=0&#038;showinfo=1&#038;iv_load_policy=1&#038;fs=1&#038;hl=sv-SE&#038;autohide=2&#038;wmode=transparent\" allowfullscreen=\"true\" style=\"border:0;\" sandbox=\"allow-scripts allow-same-origin allow-popups allow-presentation\"><\/iframe><\/span><\/div>\n<\/div><\/figure>\n\n\n<div class=\"wpforms-container wpforms-container-full wpforms-block\" id=\"wpforms-566\"><form id=\"wpforms-form-566\" class=\"wpforms-validate wpforms-form\" data-formid=\"566\" method=\"post\" enctype=\"multipart\/form-data\" action=\"\/index.php\/wp-json\/wp\/v2\/pages\/454\" data-token=\"6f9df3c3139f37061ca0dd5f33c9c874\"><noscript class=\"wpforms-error-noscript\">Aktivera JavaScript i din webbl\u00e4sare f\u00f6r att slutf\u00f6ra detta formul\u00e4r.<\/noscript><div class=\"wpforms-field-container\"><div id=\"wpforms-566-field_0-container\" class=\"wpforms-field wpforms-field-name wpforms-one-third wpforms-first wpforms-one-half\" data-field-id=\"0\"><label class=\"wpforms-field-label\" for=\"wpforms-566-field_0\">Namn <span class=\"wpforms-required-label\">*<\/span><\/label><input type=\"text\" id=\"wpforms-566-field_0\" class=\"wpforms-field-medium wpforms-field-required\" name=\"wpforms[fields][0]\" required><\/div><div id=\"wpforms-566-field_1-container\" class=\"wpforms-field wpforms-field-email\" data-field-id=\"1\"><label class=\"wpforms-field-label\" for=\"wpforms-566-field_1\">Email <span class=\"wpforms-required-label\">*<\/span><\/label><input type=\"email\" id=\"wpforms-566-field_1\" class=\"wpforms-field-medium wpforms-field-required\" name=\"wpforms[fields][1]\" spellcheck=\"false\" required><\/div><div id=\"wpforms-566-field_5-container\" class=\"wpforms-field wpforms-field-textarea\" data-field-id=\"5\"><label class=\"wpforms-field-label\" for=\"wpforms-566-field_5\">Meddelande <span class=\"wpforms-required-label\">*<\/span><\/label><textarea id=\"wpforms-566-field_5\" class=\"wpforms-field-medium wpforms-field-required\" name=\"wpforms[fields][5]\" required><\/textarea><\/div><\/div><!-- .wpforms-field-container --><div class=\"wpforms-submit-container\" ><input type=\"hidden\" name=\"wpforms[id]\" value=\"566\"><input type=\"hidden\" name=\"wpforms[author]\" value=\"1\"><button type=\"submit\" name=\"wpforms[submit]\" id=\"wpforms-submit-566\" class=\"wpforms-submit\" data-alt-text=\"Sending...\" data-submit-text=\"Skicka\" aria-live=\"assertive\" value=\"wpforms-submit\">Skicka<\/button><\/div><\/form><\/div>  <!-- .wpforms-container -->","protected":false},"excerpt":{"rendered":"<p>Eurospand&nbsp;tillverkar g\u00f6dningsspridare, deras modell DAVID FRUIT \u00e4r en flexibel maskin med en total bredd p\u00e5 1,2m anpassad f\u00f6r behoven i odlingar med radavst\u00e5nd mellan 2-5m. Snabbt och enkelt kan man byta mellan f\u00e4ltspridning(12m vidd) eller radspridning(2-5m). Finns i 600L\/800L\/1000L tankstorlek. VIBRO-system &#8211; med denna l\u00f6sningen har man l\u00f6st det vanliga problemet med ett varierande tryck [&hellip;]<\/p>\n","protected":false},"author":1,"featured_media":0,"parent":266,"menu_order":0,"comment_status":"closed","ping_status":"closed","template":"","meta":{"footnotes":""},"jetpack_sharing_enabled":true,"jetpack_shortlink":"https:\/\/wp.me\/PaLEM1-7k","_links":{"self":[{"href":"https:\/\/bjorkedalhandel.se\/index.php\/wp-json\/wp\/v2\/pages\/454"}],"collection":[{"href":"https:\/\/bjorkedalhandel.se\/index.php\/wp-json\/wp\/v2\/pages"}],"about":[{"href":"https:\/\/bjorkedalhandel.se\/index.php\/wp-json\/wp\/v2\/types\/page"}],"author":[{"embeddable":true,"href":"https:\/\/bjorkedalhandel.se\/index.php\/wp-json\/wp\/v2\/users\/1"}],"replies":[{"embeddable":true,"href":"https:\/\/bjorkedalhandel.se\/index.php\/wp-json\/wp\/v2\/comments?post=454"}],"version-history":[{"count":3,"href":"https:\/\/bjorkedalhandel.se\/index.php\/wp-json\/wp\/v2\/pages\/454\/revisions"}],"predecessor-version":[{"id":573,"href":"https:\/\/bjorkedalhandel.se\/index.php\/wp-json\/wp\/v2\/pages\/454\/revisions\/573"}],"up":[{"embeddable":true,"href":"https:\/\/bjorkedalhandel.se\/index.php\/wp-json\/wp\/v2\/pages\/266"}],"wp:attachment":[{"href":"https:\/\/bjorkedalhandel.se\/index.php\/wp-json\/wp\/v2\/media?parent=454"}],"curies":[{"name":"wp","href":"https:\/\/api.w.org\/{rel}","templated":true}]}}